25, -t - 5*g - 24 = -3*t. Determine f(t).
-17
Let n = 37 + -24. Let q = n + -6. Let l(k) = -7*k**2 - 16*k + 17. Let x(d) = -3*d**2 - 8*d + 8. Let m(u) = -4*l(u) + 9*x(u). Calculate m(q).
-3
Let j(w) = w**3 + 6*w**2 + 7*w - 6. Let c be 1/(-4) + 660/(-176). Give j(c).
-2
Let a(w) = -9*w - 113984 + 113984. Determine a(-1).
9
Let i(b) be the first derivative of -13*b**2/2 - 81. Calculate i(-1).
13
Suppose 22 = n + 3*f, -n + f = -4 - 6. Suppose -10*j = -n*j + 6. Let g(b) = -4*b**j + 7 + 3*b**2 + b**3 + 2*b**2. Determine g(0).
7
Let g(p) be the third derivative of -p**6/120 + p**5/12 + 3*p**4/8 + 3*p**3/2 + 51*p**2. Give g(7).
-26
Let g(b) = 2. Let j(u) = -2*u - 2. Let c(l) = -2*g(l) - j(l). Calculate c(4).
6
Let u(x) be the third derivative of -x**7/1008 - x**6/90 + 7*x**5/20 + 25*x**2. Let r(t) be the third derivative of u(t). What is r(-6)?
22
Let y = -41 - -38. Let b(s) = s - 8. Let m(q) = -6*q + 40. Let o(w) = y*m(w) - 16*b(w). Give o(-7).
-6
Suppose -7 = 4*g + 2*s + 7, 3*g + 2*s + 9 = 0. Let u(d) = 2*d**2 + 6*d - 4. What is u(g)?
16
Suppose 175 = 4*j + 3*j. Suppose 26 = -o + 2*s + 2*s, 5*s = j. Let m(p) be the second derivative of p**4/12 + 5*p**3/6 - 3*p**2/2 + 2*p. Determine m(o).
3
Let y(a) = 18*a**2 - 3*a - 16. Let t(i) = 9*i**2 - i - 7. Let w(f) = 9*t(f) - 4*y(f). Determine w(-2).
31
Let j(y) = 2*y - 6. Let w be -4 - (-1 + -2 - (1 + 3)). What is j(w)?
0
Let i(g) = 2*g**2 + 41*g + 49. Let o be i(-19). Let h(q) = 3*q**2 - q. Let m be h(1). Let l be 1/m*(2 - o). Let k(t) = t**3 - 5*t**2 - t - 5. Calculate k(l).
-10
Let h(i) be the second derivative of i**5/20 - i**4/2 + 5*i**3/6 + 3*i**2 - 60*i. What is h(5)?
6
Let y(s) = -859*s - 12 - 855*s + 1720*s. Determine y(3).
6
Let r(v) = v**2 - 7. Suppose 0 = -4*u + 4*u + u. What is r(u)?
-7
Let h(j) be the first derivative of -j + 3/2*j**2 - 4. Let p be (-44)/11 + 6/((-3)/(-1)). What is h(p)?
-7
Let a(p) = -p**2 - 11*p - 27. Let q be a(-5). Suppose w = 3*z + 7, -2*w + q*z = 3*w + 1. Let b(d) = 3*d**2 + 3*d + 2. Calculate b(w).
8
Let t(q) = -q. Let g(n) = -n**2 + 4*n + 2. Let o(a) = g(a) + 3*t(a). Let r(y) = -y**2 - 4*y + 12. Let x be r(-6). Suppose x = -14*d + 22*d. Give o(d).
2
Let s(q) be the third derivative of -q**6/30 + q**5/60 + 5*q**4/24 - q**3/2 - 2*q**2 + 135. Give s(2).
-21
Let p(s) = 5*s**2 - 4*s + 4. Let b(m) = -9*m**2 + 4*m - 3. Let l(h) = -h**2. Let q(i) = b(i) - 5*l(i). Let n(g) = -5*p(g) - 6*q(g). Calculate n(-4).
-2
Let c(t) = -t - 2. Let j(y) = y**2 - 6*y + 5. Let b = -8 + 14. Let n be j(b). Suppose n*d - 9 = 11. Calculate c(d).
-6
Suppose 0 = -5*w - 0*w + 55. Let p = w - 5. Let h(t) = -136*t + 27. Let c(n) = -9*n + 1. Let x(r) = -15*c(r) + h(r). Determine x(p).
6
Let m be (-12)/(-8)*4/3. Let k(s) = -3 + 1 - s**3 - m*s**2 + 0*s**2 + 0 - 3*s. Let y = -718 + 716. Give k(y).
4
Let j(n) = n**2 + n. Let v be j(-1). Suppose 0 = -2*b - v*b - 28. Let u(z) = z + 13. Let t be u(b). Let p(q) = -13*q - 1. Calculate p(t).
12
Let r(w) = -w**3 - 3*w**2 + 4*w - 2. Let h be (-1956)/(-7) - (-16)/28. Let b be h/49 - (-4)/14. Suppose 9*s - b*s + 12 = 0. Calculate r(s).
-2
Let x(q) = q - 7. Let k(l) = 9*l**2 - l + 1. Let y be k(-2). Suppose 14*u = 27*u - 11*u. Suppose u = 5*z - y + 9. What is x(z)?
-1
Let q(s) = s. Suppose -2*m = 3*g + 27, -29*m - 4*g = -33*m - 4. Give q(m).
-6
Suppose y + 24 = -3*y. Let v be (-10)/6*138/(-115). Let i = y + v. Let z(o) = -o**3 - 5*o**2 - 4*o - 3. What is z(i)?
-3
Let h(s) = -s**2 - 8*s + 8. Let k be (-1352)/182 - (6/14)/(-1). Give h(k).
15
Let q(n) = -n**3 - 4*n**2 + 7*n + 1. Suppose -21 = -5*l - 51. Determine q(l).
31
Let d(b) = b**3 - 7*b**2 - 9*b + 10. Let z be d(8). Let h(q) be the second derivative of -q**5/10 + q**4/6 - q**3/3 - q**2/2 - q. Determine h(z).
-13
Let q(a) = -33*a - 7. Let k(x) = 33*x + 6. Let w(i) = -6*k(i) - 5*q(i). Determine w(-1).
32
Let j(k) = -7*k**2 - 2*k + 5. Suppose -4*o = 4*b - 32, b + 19 = 2*o - 0*b. Let n(p) = -15*p**2 - 5*p + 11. Let r(s) = o*j(s) - 4*n(s). Determine r(-1).
-4
Let x(j) = j**3 - 6*j**2 - 8*j - 7. Let q(d) = -d**3 + 4*d**2 + 8*d + 7. Let b(k) = -5*q(k) - 4*x(k). Suppose -4*i - 9 - 11 = 0. Give b(i).
8
Let l(f) be the third derivative of -f**4/12 + 2*f**3 + 6*f**2 + 2. Calculate l(7).
-2
Let t(s) = -4*s + 4. Let c be t(-2). Suppose -10*x = 62 - c. Let u(l) = l + 6. Calculate u(x).
1
Let x(r) be the second derivative of r**3/2 + 2*r**2 + 7*r. Suppose -5*s + 7*s = -8. Give x(s).
-8
Let f(p) = 2*p**2 - 6*p - 6. Let t be f(4). Let g(j) = -17*j**2 + j**3 + 3*j - 23*j**2 - 1 + 37*j**t. Give g(2).
1
Let n(x) be the second derivative of x + 5/6*x**4 - 1/6*x**3 + 0 - 1/2*x**2. Determine n(-1).
10
Suppose 2*g = 2*q - 76, -2*q + 70 = 3*g + g. Suppose q = -5*j + 32. Let r(c) = c - 1. Give r(j).
-2
Let a(p) = -32 + 0*p - 3*p + 0*p - 2*p. Let x(k) = -2*k - 11. Let n(w) = 3*a(w) - 8*x(w). Calculate n(4).
-4
Let w(x) = -2*x**2 + 27*x + 54. Let r be w(15). Let d(n) = -n**3 + 9*n**2 - 2*n + 10. What is d(r)?
-8
Let v(t) = 7*t - 15. Let n(q) = 5*q - 14. Let y(z) = 3*n(z) - 2*v(z). Calculate y(6).
-6
Let s(r) be the first derivative of -r**3/3 + 3*r**2 + 8*r - 225. Determine s(7).
1
Let d = 167 - 123. Suppose -4*p = -4*r - 0*p + d, 4*r + 2*p - 14 = 0. Let q(g) = g**2 - 7*g. Calculate q(r).
-6
Let q = -35 - -38. Let v = 3 - q. Let d(s) be the first derivative of -s**4/4 - s**3/3 + s**2/2 + 15*s + 1. Give d(v).
15
Let m(c) be the second derivative of c**5/20 - c**4/2 - c**3/6 + c**2/2 + 197*c. Let f be (-4 - 2*-1)*-1. Suppose 2 = -f*w + 14. What is m(w)?
-5
Let w = -87 - -222. Let l be (-1 + 6/10)/(9/w). Let j(k) = k**2 + 8*k + 7. Determine j(l).
-5
Suppose -7 = j - 6. Let f be (j/(4/(-4)))/1. Let b(c) = 6*c + 1. Calculate b(f).
7
Let m = 28 + -22. Let h be ((-3)/m)/((-6)/24). Suppose 4*b = h*r, 4*b + 2*r = -3*r - 14. Let x(o) = 9*o + 1. Determine x(b).
-8
Suppose -91*a + 121*a = -60. Let h(v) = 3*v**3 + 2*v**2 + v. Calculate h(a).
-18
Let r(o) = 2*o + 4. Let i be (-8)/10 - 436/(-20). Let c = -13 + i. Suppose -c*t + 9*t = -3. Determine r(t).
-2
Let s(g) be the first derivative of -g**3/3 - 2*g**2 + g + 271. Suppose 2*d + 5 = -1. Determine s(d).
4
Let x be 20/7 + 1 - (-341)/2387. Let i(b) = b. Let m(l) = l**2 - 8*l + 1. Let u(h) = 2*i(h) + m(h). Calculate u(x).
-7
Let c(q) = 4*q**3 + 2. Suppose -3*x = -0*x + 5*d + 16, -d - 2 = 0. Give c(x).
-30
Let o(q) = -q**3 - 6*q**2 + 7*q - 7. Suppose 4*w + 20 = -5*l + 7*w, -4*w - 27 = l. Calculate o(l).
-7
Let d(z) = -4*z**3 - z - 1. Let o(x) = x**2 + 4*x - 7. Let j be o(-6). Suppose 2 = 3*h - 4*y + 5, 5*h - 5*y = 0. Suppose h = -j*k - 2. Determine d(k).
4
Let g(p) be the third derivative of p**7/210 + p**6/360 - p**5/60 + p**4/24 - 10*p**3/3 + 9*p**2. Let f(r) be the first derivative of g(r). Give f(1).
4
Let s(h) be the first derivative of -h**4/4 - 2*h**3 - h**2 - 6*h - 745. Let i(a) = 2*a**2 + 5*a - 4. Let t be i(-5). Suppose t = -3*m + 3. What is s(m)?
6
Let d = 48 + -46. Let y(o) = 26*o**2 - d*o**3 - 27*o**2 + o**3. What is y(2)?
-12
Let d(b) = -4 + 2 + 1 + 2*b - 2. Let c be d(1). Let o(l) = 13*l. Calculate o(c).
-13
Let b(p) = p**2 - 5*p + 5. Let o(u) = -11*u**3 + u**2 + u - 2. Let s be o(1). Let w be ((-7)/4)/((-1)/(-4)). Let r = w - s. Give b(r).
1
Let y(q) = -q**3 + 29*q**2 - 6. Let t be y(29). Let n(u) = -17*u - 24. Let b(w) = -6*w - 8. Suppose 3*a + 11 - 2 = 0. Let s(v) = a*n(v) + 8*b(v). Give s(t).
-10
Let y(j) = j**3 + 7*j**2 + 5*j - 1. Suppose 112 = -4*m + h, 0*h - 140 = 5*m + h. Let b be 8/m - (-16)/7. Suppose -b*u = -d - 0*u - 6, d + 6 = 5*u. What is y(d)?
5
Let h = 35 + -55. Let i = -14 + 34. Let u = h + i. Let o(b) = -b**3 - b**2 + b - 7. Calculate o(u).
-7
Let m = 2 + -2. Suppose -5*u = -m*u + 15. Let h(q) be the third derivative of -q**6/120 - q**5/20 + q**4/12 - q**3/6 - q**2. Calculate h(u).
-7
Let x(f) be the second derivative of f**3/3 - 3*f**2 + 22*f. Suppose 0 = -4*h - 7 + 31. Give x(h).
6
Let b(o) = -2*o - 2. Let u = 716 + -720. Calculate b(u).
6
Let l(q) = 18*q - 11*q**2 + 0*q**3 + 3*q**3 - 20*q - 8. Let s(v) = 2*v**3 - 10*v**2 - 3*v - 7. Let o(p) = 3*l(p) - 4*s(p). Give o(-6).
4
Let d(f) = f**2 + 9*f + 9. Let m be 20/70 + 44/(-7). Calculate d(m).
-9
Suppose 5*g = 29 - 24. Let y be 16/24 + g/3. Let w(j) = -3*j**2. Give w(y).
-3
Let z(d) = -1. Let t(h) = -3*h - 6. Let j(f) =